5*w. Let p be (w/20)/((-3)/12). Let q = p - 102. Is 12 a factor of q?
False
Suppose -855011 = -62*r - 244559. Is r a multiple of 9?
True
Suppose -2*t + 3591 = -23*t. Let m = 272 + t. Is 22 a factor of m?
False
Let i = -2990 + 12264. Is 45 a factor of i?
False
Let x(q) = q**3 - 9*q**2 + 11*q + 21. Let t be x(6). Suppose 0 = 2*r - 5*r + 141. Let p = t + r. Is 13 a factor of p?
True
Let x(s) = 278*s**2 + 55. Is 15 a factor of x(5)?
True
Let z = -215 + 216. Is 0 - z/(12/(-400))*3 a multiple of 3?
False
Suppose 25*f = 389607 + 177068. Is 106 a factor of f?
False
Suppose 4 - 6 = -u. Suppose o - 20 = -u*a - o, 3*a - 10 = o. Let v(h) = h**3 - h**2 - 9*h - 7. Does 18 divide v(a)?
False
Suppose 4*v - 3406 = -y, 5*y - 2312 = -2322. Does 12 divide v?
True
Suppose -156*j = -91523 - 184597. Does 9 divide j?
False
Let y = 25664 - 13276. Is y a multiple of 35?
False
Suppose 0 = -4*f - 4*c - 984, -5*f + 3*c - 1248 = -c. Let u be f/(-10)*(6 - (5 + -4)). Suppose 0 = -y - 5*v + 49, 4*y + 2*v - u = -0*v. Does 14 divide y?
False
Let n = 16906 - 11626. Is n a multiple of 20?
True
Let j be (-12)/(-9)*9/2. Suppose -5*b = a - 25, -4*b = 3*a + 3 - 23. Is 37 a factor of (a - -1 - 484)*j/(-18)?
False
Let c(n) = -5*n**3 - n**2 + 4*n. Let v be c(-4). Suppose 4*d = -6*d - 930. Let u = v + d. Is 9 a factor of u?
False
Suppose -w = w + 86. Suppose -4*j + 20 = 0, 18*j - 271 = -2*v + 17*j. Let u = w + v. Is u a multiple of 10?
True
Let z(g) = 2*g + 18. Let x be z(-7). Suppose 0 = -x*j + 162 - 26. Suppose -5*h = -2*q + 12, 5*h = 3*q - j + 6. Does 8 divide q?
True
Let l(o) = 275*o**2 - 40*o - 7. Is 3 a factor of l(3)?
False
Let u(v) = v + 19. Let a be (1/2)/((-7)/(-224)). Does 17 divide u(a)?
False
Let j(d) = 5*d**2 - 149*d - 2*d**3 + 164*d + d**3 - 2 + 7*d**2. Is 26 a factor of j(11)?
False
Let d = 8031 + 6413. Is 15 a factor of d?
False
Suppose -4*f = -o + 639, -8*o - 634 = 4*f - 10*o. Let x = f + 748. Does 23 divide x?
False
Let h(g) = 44*g**2 - 47*g + 355. Is h(14) a multiple of 10?
False
Suppose 1598*c - 1614*c + 141801 = 28137. Does 64 divide c?
True
Suppose -4*k = -5*q - 0*k + 25, 0 = -3*q - k + 15. Let w be -8 + q + 2 + (-56)/(-2). Let d = 75 - w. Does 12 divide d?
True
Does 135 divide 150*1062/(-120)*-12?
True
Suppose -5*f - 577 = -4*l, 0 = 3*f - 0*f - 4*l + 343. Let p = f + 167. Suppose -2*u + 24 = -p. Is 34 a factor of u?
False
Let n(b) = -5*b**2 + 79*b - 413. Let u be n(5). Let t = 7 - -6. Is 25 a factor of (-25432)/u + 2/t?
False
Suppose 0 = 18*t - 21948 - 19416. Suppose 21*c - 24*c = -t. Does 8 divide c?
False
Is 7 a factor of (((-2)/(-4))/((-3)/(-6)))/(4/34636)?
True
Let i = -6859 + 7376. Does 11 divide i?
True
Let q(y) = -y**2 - 11*y - 5. Let a(i) = -i**2 - 6*i - 4. Let g be a(-5). Suppose 2*p + 13 - g = 0. Does 17 divide q(p)?
False
Let b = -2046 - -5931. Is b a multiple of 185?
True
Let z(k) be the first derivative of -k**2/2 - 5*k + 14. Let j be z(-2). Is 3 - (0 - 48 - j) a multiple of 8?
True
Let p(b) = 47*b**2 + 2*b - 3. Let n = -285 - -288. Does 16 divide p(n)?
False
Suppose -5*d = -2*t - t + 275, -185 = -2*t + 3*d. Suppose -9*h + 6*h = -4*n - 63, 5*h - 5*n = t. Let c = 71 - h. Is 6 a factor of c?
True
Suppose -s + 13009 = 3*s - 99351. Does 10 divide s?
True
Let a = 83 - -319. Let n = a - 170. Does 8 divide n?
True
Let j(x) = x**3 + x**2 - 399. Let l be j(0). Let a = 569 + l. Suppose -3*o - 2*i + 52 = -a, 5*o = 3*i + 351. Is 12 a factor of o?
True
Let s(y) = -28*y + 148. Let n be s(5). Does 6 divide n + -9 + 80 + (-2 - -1)?
True
Let n = 72106 - 39057. Is 33 a factor of n?
False
Let y = 632 - -797. Let g = y + -504. Is g a multiple of 25?
True
Let g(b) = 132*b + 201. Let t be g(11). Let q = t - 828. Is 9 a factor of q?
False
Let k be 8 + 6 - -7 - 0. Suppose n - 965 = -5*t, -4*n + 3908 = 17*t - k*t. Is n a multiple of 13?
True
Suppose -2*s - 3*s = -3*b + 27, -3*b = -2*s - 18. Suppose 0 = q + b*q + 3*w - 102, 2*w + 86 = 4*q. Suppose q*h - 84 = 15*h. Does 13 divide h?
False
Suppose 0 = 11*n + 163 + 145. Let i = -10 - n. Does 6 divide (-232)/(-6) + 3/(i/(-4))?
False
Suppose -4*t + q + 1895 = -0*t, -1426 = -3*t - 4*q. Is 13 a factor of t?
False
Is (364/(-5))/(2/(-55)) a multiple of 33?
False
Let q(h) = -h**3 + 6*h**2 + 2. Let x be q(6). Suppose 0 = 5*a + o + 32, 5*a + 3*o + 12 = x*a. Let j(y) = -y**2 - 13*y - 3. Is 13 a factor of j(a)?
True
Let z(g) = -54*g**3 + 7*g**2 + 17*g + 16. Is z(-2) a multiple of 34?
True
Is 21788/44 - 1 - (-16)/(-88) a multiple of 6?
False
Let a be (-3 + (2 - 1))/((-7)/14). Suppose -a*y - 1 = -69. Let x(l) = l**3 - 17*l**2 + 17*l - 35. Does 50 divide x(y)?
False
Suppose 4*m + 4*z - 1468 = 0, -3*z + 6*z = -m + 357. Let d = 594 - m. Is 37 a factor of d?
True
Let d(h) = -h**3 - 7*h**2 + 8*h + 30. Let f be d(-8). Is 9560/f - 2/3 a multiple of 11?
False
Does 8 divide (63/18)/(2/4 + 5280/(-10572))?
False
Suppose o - 5*a - 10 = 0, 4*o = -2*a - 3 + 21. Suppose 4*y - 9*y = 4*h - 1152, -o*y = -2*h - 1164. Is y a multiple of 40?
False
Let w be 600/(-48)*(-16)/(-20). Let v = -1 - 0. Let p = v - w. Does 2 divide p?
False
Suppose -2*w + 8 = -0. Suppose -67*b + 66*b + 5*y = 26, 3*b + y = -14. Does 4 divide (-1 + b/w)*36/(-2)?
False
Suppose -4*y + 2416 = -5*l, 0*l = -l - 5*y - 489. Let u = -399 - l. Is u a multiple of 7?
False
Let k(j) be the first derivative of 3*j**4 - 43*j**3/3 + 3*j**2 - 3*j - 168. Is k(4) a multiple of 4?
False
Suppose -b + 117866 = -40*u + 45*u, -9*u + 212153 = -4*b. Does 11 divide u?
True
Let y = 1320 + -343. Suppose 0 = -4*t + y - 369. Is t a multiple of 20?
False
Let b(m) = -14*m**2 - 6*m - 7. Let w(r) = 13*r**2 + 7*r + 8. Let k(l) = -4*b(l) - 3*w(l). Let v be k(3). Let u = 318 - v. Does 26 divide u?
False
Let i be 2/11 - (-1104)/(-22). Let y(a) = 2*a**2 + 7*a + 8. Let t be y(-10). Let m = t + i. Does 21 divide m?
False
Let w be 3*21*(-1 + 0). Let x = w + -55. Let u = 238 + x. Is u a multiple of 17?
False
Let q(h) be the third derivative of h**6/15 - h**5/15 + 5*h**4/24 - 5*h**3/6 + 8*h**2 - h. Does 38 divide q(3)?
True
Suppose 0 = 4*c - 62 + 50. Suppose -12*u = -5*l - 8*u + 2976, -c*u = 12. Does 21 divide l?
False
Let m(s) = 5*s**2 + 121*s + 24. Let a be m(-24). Suppose 15*t - 918 - 2322 = a. Is 4 a factor of t?
True
Is 129862*1/14 + 13 + (-1455)/105 a multiple of 35?
True
Let q = -8 + 42. Suppose -29*s - 15 = -q*s. Suppose 2*p = -s*z - z + 130, -p - 115 = -4*z. Is 15 a factor of z?
True
Let y(s) = 2036*s - 286. Let x be y(-4). Does 78 divide (-5 - 430/(-90)) + x/(-27)?
True
Let f = -29 - -19. Let x(t) = 2*t + 23. Let y be x(f). Is 133/4 + 2 + y/(-12) a multiple of 11?
False
Let i(x) = -x - 3 - x + 4 + 5. Let l be i(5). Is ((-32)/(-5) - 4)*(-150)/l a multiple of 15?
True
Let h(t) be the third derivative of 0 + 1/2*t**3 + 1/6*t**4 + 11*t**2 - 203/120*t**6 + 0*t + 1/30*t**5. Is 14 a factor of h(-1)?
False
Suppose 3*u - 1 = z - 0*z, 0 = -4*z - 3*u + 11. Suppose 0 = -z*g + 1 - 3, -2*m + 73 = -g. Suppose -m*h + 12 = -34*h. Is 2 a factor of h?
True
Let y = 240 - 230. Let t(q) = 42*q - 89. Is t(y) a multiple of 22?
False
Let s(w) = 2*w - 1. Let o be s(1). Let r = 178 + -208. Is (-576)/r*o/(3/10) a multiple of 16?
True
Let p(o) = 27*o + 120. Let k be p(18). Let r = k - 132. Does 14 divide r?
False
Let c = -694 + 710. Suppose 2292 = -11*y + c*y - 4*f, -5*y + 2294 = -3*f. Is 9 a factor of y?
False
Suppose 132*u = 172*u - 215600. Is u a multiple of 22?
True
Suppose -21*h = -11698 - 67409. Is 11 a factor of h?
False
Let a(x) = -3*x**3 + 54*x**2 + 2*x + 82. Is a(18) a multiple of 3?
False
Suppose -11*h - 14568 = 10*h - 29*h. Is 8 a factor of h?
False
Suppose 0 = -2*h + 3*d + 3321, 14*h - 3*d + 8334 = 19*h. Suppose -2*t - 3*t = -f - 1661, -5*f = -5*t + h. Is 20 a factor of t?
False
Suppose -744050 = 146*d - 192*d. Is 25 a factor of d?
True
Suppose -22*w - 7294 = -32*w + 14966. Does 14 divide w?
True
Suppose 0 = 3*o - 336*g + 332*g - 20, 0 = -4*o + 3*g + 22. Let w be 16/3 + (-4)/(-6). Does 6 divide (w/o)/(4*7/224)?
True
Suppose 2*a + 2351 = 3*m - 104, -6 = 3*a. Does 41 divide m?
False
Let d = -1292 + 1799. Does 5 divide d?
False
Let l(h) be the third derivative of -h**4/12 - 3*h**3/2 + h**2 - 51. Let g be (-4)/6 - 68/6. Does 5 divide l(g)?
True
Let q(v) = -490*v + 3. Let k be q(1). Let i = 343 + k. Let f = i + 280. Is f a multiple of 11?
